{"id":382,"date":"2025-12-16T13:52:52","date_gmt":"2025-12-16T18:52:52","guid":{"rendered":"https:\/\/workpool.yopuedo.pe\/?page_id=382"},"modified":"2025-12-22T23:22:36","modified_gmt":"2025-12-23T04:22:36","slug":"workpool-nosotros-workpool","status":"publish","type":"page","link":"https:\/\/workpool.yopuedo.pe\/index.php\/workpool-nosotros-workpool\/","title":{"rendered":"Workpool \/ Nosotros \/ Workpool"},"content":{"rendered":"\t\t<div data-elementor-type=\"wp-page\" data-elementor-id=\"382\" class=\"elementor elementor-382\" data-elementor-post-type=\"page\">\n\t\t\t\t<div class=\"elementor-element elementor-element-9e73533 e-flex e-con-boxed e-con e-parent\" data-id=\"9e73533\" data-element_type=\"container\">\n\t\t\t\t\t<div class=\"e-con-inner\">\n\t\t\t\t<div class=\"elementor-element elementor-element-1f1bcda elementor-widget elementor-widget-heading\" data-id=\"1f1bcda\" data-element_type=\"widget\" data-widget_type=\"heading.default\">\n\t\t\t\t\t<h2 class=\"elementor-heading-title elementor-size-default\">\u00bfQuienes somos?<\/h2>\t\t\t\t<\/div>\n\t\t\t\t\t<\/div>\n\t\t\t\t<\/div>\n\t\t<div class=\"elementor-element elementor-element-e0b8276 e-flex e-con-boxed e-con e-parent\" data-id=\"e0b8276\" data-element_type=\"container\">\n\t\t\t\t\t<div class=\"e-con-inner\">\n\t\t\t\t<div class=\"elementor-element elementor-element-a24b083 elementor-widget elementor-widget-text-editor\" data-id=\"a24b083\" data-element_type=\"widget\" data-widget_type=\"text-editor.default\">\n\t\t\t\t\t\t\t\t\t<p>Somos mucho m\u00e1s que simplemente alquiler de oficinas equipadas y servicios compartidos. Propiciamos la creaci\u00f3n de un entorno que motive la colaboraci\u00f3n sin\u00e9rgica, la creatividad y la innovaci\u00f3n en los miembros de nuestra comunidad.<\/p>\t\t\t\t\t\t\t\t<\/div>\n\t\t\t\t\t<\/div>\n\t\t\t\t<\/div>\n\t\t<div class=\"elementor-element elementor-element-f621834 e-flex e-con-boxed e-con e-parent\" data-id=\"f621834\" data-element_type=\"container\">\n\t\t\t\t\t<div class=\"e-con-inner\">\n\t\t\t\t<div class=\"elementor-element elementor-element-8d98392 elementor-widget elementor-widget-heading\" data-id=\"8d98392\" data-element_type=\"widget\" data-widget_type=\"heading.default\">\n\t\t\t\t\t<h2 class=\"elementor-heading-title elementor-size-default\">Mision<\/h2>\t\t\t\t<\/div>\n\t\t\t\t\t<\/div>\n\t\t\t\t<\/div>\n\t\t<div class=\"elementor-element elementor-element-207d334 e-flex e-con-boxed e-con e-parent\" data-id=\"207d334\" data-element_type=\"container\">\n\t\t\t\t\t<div class=\"e-con-inner\">\n\t\t\t\t<div class=\"elementor-element elementor-element-9102d0e elementor-widget elementor-widget-text-editor\" data-id=\"9102d0e\" data-element_type=\"widget\" data-widget_type=\"text-editor.default\">\n\t\t\t\t\t\t\t\t\t<p>Proveer a las empresas una plataforma integral que conecte personas, procesos e informaci\u00f3n en un solo sistema, permitiendo una gesti\u00f3n m\u00e1s ordenada, eficiente y transparente. Nuestra misi\u00f3n es simplificar la operaci\u00f3n diaria, mejorar la productividad y ayudar a las organizaciones a tomar decisiones informadas en tiempo real.<\/p>\t\t\t\t\t\t\t\t<\/div>\n\t\t\t\t\t<\/div>\n\t\t\t\t<\/div>\n\t\t<div class=\"elementor-element elementor-element-d28add2 e-flex e-con-boxed e-con e-parent\" data-id=\"d28add2\" data-element_type=\"container\">\n\t\t\t\t\t<div class=\"e-con-inner\">\n\t\t\t\t<div class=\"elementor-element elementor-element-102ae98 elementor-widget elementor-widget-heading\" data-id=\"102ae98\" data-element_type=\"widget\" data-widget_type=\"heading.default\">\n\t\t\t\t\t<h2 class=\"elementor-heading-title elementor-size-default\">Valores<\/h2>\t\t\t\t<\/div>\n\t\t\t\t\t<\/div>\n\t\t\t\t<\/div>\n\t\t<div class=\"elementor-element elementor-element-502a3b8 e-flex e-con-boxed e-con e-parent\" data-id=\"502a3b8\" data-element_type=\"container\">\n\t\t\t\t\t<div class=\"e-con-inner\">\n\t\t\t\t<div class=\"elementor-element elementor-element-d3b85bd elementor-widget elementor-widget-heading\" data-id=\"d3b85bd\" data-element_type=\"widget\" data-widget_type=\"heading.default\">\n\t\t\t\t\t<h2 class=\"elementor-heading-title elementor-size-default\">Conectividad<\/h2>\t\t\t\t<\/div>\n\t\t\t\t<div class=\"elementor-element elementor-element-e5b467b elementor-widget elementor-widget-text-editor\" data-id=\"e5b467b\" data-element_type=\"widget\" data-widget_type=\"text-editor.default\">\n\t\t\t\t\t\t\t\t\t<p>Su filosof\u00eda de \u201csistema nervioso empresarial\u201d (BNS) se basa en la conexi\u00f3n entre personas.<\/p>\t\t\t\t\t\t\t\t<\/div>\n\t\t\t\t\t<\/div>\n\t\t\t\t<\/div>\n\t\t<div class=\"elementor-element elementor-element-17779c6 e-flex e-con-boxed e-con e-parent\" data-id=\"17779c6\" data-element_type=\"container\">\n\t\t\t\t\t<div class=\"e-con-inner\">\n\t\t<div class=\"elementor-element elementor-element-e463da7 e-grid e-con-full e-con e-child\" data-id=\"e463da7\" data-element_type=\"container\">\n\t\t\t\t<div class=\"elementor-element elementor-element-c0cfcdd elementor-widget elementor-widget-heading\" data-id=\"c0cfcdd\" data-element_type=\"widget\" data-widget_type=\"heading.default\">\n\t\t\t\t\t<h2 class=\"elementor-heading-title elementor-size-default\">Eficiencia<\/h2>\t\t\t\t<\/div>\n\t\t\t\t<div class=\"elementor-element elementor-element-2b5da61 elementor-widget elementor-widget-text-editor\" data-id=\"2b5da61\" data-element_type=\"widget\" data-widget_type=\"text-editor.default\">\n\t\t\t\t\t\t\t\t\t<p>Su producto est\u00e1 dise\u00f1ado para optimizar flujos de trabajo, coordinaci\u00f3n de equipos y gesti\u00f3n de tareas.<\/p>\t\t\t\t\t\t\t\t<\/div>\n\t\t\t\t<\/div>\n\t\t\t\t\t<\/div>\n\t\t\t\t<\/div>\n\t\t<div class=\"elementor-element elementor-element-eff08c4 e-flex e-con-boxed e-con e-parent\" data-id=\"eff08c4\" data-element_type=\"container\">\n\t\t\t\t\t<div class=\"e-con-inner\">\n\t\t<div class=\"elementor-element elementor-element-d341e7c e-con-full e-flex e-con e-child\" data-id=\"d341e7c\" data-element_type=\"container\">\n\t\t<div class=\"elementor-element elementor-element-b624877 e-grid e-con-full e-con e-child\" data-id=\"b624877\" data-element_type=\"container\">\n\t\t\t\t<div class=\"elementor-element elementor-element-23fc1c8 elementor-widget elementor-widget-heading\" data-id=\"23fc1c8\" data-element_type=\"widget\" data-widget_type=\"heading.default\">\n\t\t\t\t\t<h2 class=\"elementor-heading-title elementor-size-default\">Transparencia<\/h2>\t\t\t\t<\/div>\n\t\t\t\t<div class=\"elementor-element elementor-element-b7adf64 elementor-widget elementor-widget-text-editor\" data-id=\"b7adf64\" data-element_type=\"widget\" data-widget_type=\"text-editor.default\">\n\t\t\t\t\t\t\t\t\t<p>En su p\u00e1gina indican que WorkPool aporta \u201ctransparencia, responsabilidad y rendici\u00f3n de cuentas.<\/p>\t\t\t\t\t\t\t\t<\/div>\n\t\t\t\t<\/div>\n\t\t\t\t<\/div>\n\t\t\t\t\t<\/div>\n\t\t\t\t<\/div>\n\t\t<div class=\"elementor-element elementor-element-6b91eff e-flex e-con-boxed e-con e-parent\" data-id=\"6b91eff\" data-element_type=\"container\">\n\t\t\t\t\t<div class=\"e-con-inner\">\n\t\t<div class=\"elementor-element elementor-element-8424508 e-con-full e-flex e-con e-child\" data-id=\"8424508\" data-element_type=\"container\">\n\t\t<div class=\"elementor-element elementor-element-db9749e e-con-full e-flex e-con e-child\" data-id=\"db9749e\" data-element_type=\"container\">\n\t\t<div class=\"elementor-element elementor-element-8dd7eda e-grid e-con-full e-con e-child\" data-id=\"8dd7eda\" data-element_type=\"container\">\n\t\t\t\t<div class=\"elementor-element elementor-element-f72089a elementor-widget elementor-widget-heading\" data-id=\"f72089a\" data-element_type=\"widget\" data-widget_type=\"heading.default\">\n\t\t\t\t\t<h2 class=\"elementor-heading-title elementor-size-default\">Innovaci\u00f3n<\/h2>\t\t\t\t<\/div>\n\t\t\t\t<div class=\"elementor-element elementor-element-d548d31 elementor-widget elementor-widget-text-editor\" data-id=\"d548d31\" data-element_type=\"widget\" data-widget_type=\"text-editor.default\">\n\t\t\t\t\t\t\t\t\t<p>Su plataforma tecnol\u00f3gica es bastante amplia (incluye anal\u00edtica, gesti\u00f3n documental, integraciones), lo cual sugiere un enfoque innovador en la manera de abordar la gesti\u00f3n empresarial.<\/p>\t\t\t\t\t\t\t\t<\/div>\n\t\t\t\t<\/div>\n\t\t\t\t<\/div>\n\t\t\t\t<\/div>\n\t\t\t\t\t<\/div>\n\t\t\t\t<\/div>\n\t\t\t\t<\/div>\n\t\t","protected":false},"excerpt":{"rendered":"<p>\u00bfQuienes somos? Somos mucho m\u00e1s que simplemente alquiler de oficinas equipadas y servicios compartidos. Propiciamos la creaci\u00f3n de un entorno que motive la colaboraci\u00f3n sin\u00e9rgica, la creatividad y la innovaci\u00f3n en los miembros de nuestra comunidad. Mision Proveer a las empresas una plataforma integral que conecte personas, procesos e informaci\u00f3n en un solo sistema, permitiendo [&hellip;]<\/p>\n","protected":false},"author":1,"featured_media":0,"parent":0,"menu_order":0,"comment_status":"closed","ping_status":"closed","template":"","meta":{"footnotes":""},"class_list":["post-382","page","type-page","status-publish","hentry"],"_links":{"self":[{"href":"https:\/\/workpool.yopuedo.pe\/index.php\/wp-json\/wp\/v2\/pages\/382","targetHints":{"allow":["GET"]}}],"collection":[{"href":"https:\/\/workpool.yopuedo.pe\/index.php\/wp-json\/wp\/v2\/pages"}],"about":[{"href":"https:\/\/workpool.yopuedo.pe\/index.php\/wp-json\/wp\/v2\/types\/page"}],"author":[{"embeddable":true,"href":"https:\/\/workpool.yopuedo.pe\/index.php\/wp-json\/wp\/v2\/users\/1"}],"replies":[{"embeddable":true,"href":"https:\/\/workpool.yopuedo.pe\/index.php\/wp-json\/wp\/v2\/comments?post=382"}],"version-history":[{"count":13,"href":"https:\/\/workpool.yopuedo.pe\/index.php\/wp-json\/wp\/v2\/pages\/382\/revisions"}],"predecessor-version":[{"id":1288,"href":"https:\/\/workpool.yopuedo.pe\/index.php\/wp-json\/wp\/v2\/pages\/382\/revisions\/1288"}],"wp:attachment":[{"href":"https:\/\/workpool.yopuedo.pe\/index.php\/wp-json\/wp\/v2\/media?parent=382"}],"curies":[{"name":"wp","href":"https:\/\/api.w.org\/{rel}","templated":true}]}}