{"id":366,"date":"2025-12-16T13:02:16","date_gmt":"2025-12-16T18:02:16","guid":{"rendered":"https:\/\/workpool.yopuedo.pe\/?page_id=366"},"modified":"2025-12-23T10:14:09","modified_gmt":"2025-12-23T15:14:09","slug":"workpool-oficina","status":"publish","type":"page","link":"https:\/\/workpool.yopuedo.pe\/index.php\/workpool-oficina\/","title":{"rendered":"Workpool \/ Oficina\/Privada Terminado"},"content":{"rendered":"\t\t<div data-elementor-type=\"wp-page\" data-elementor-id=\"366\" class=\"elementor elementor-366\" data-elementor-post-type=\"page\">\n\t\t\t\t<div class=\"elementor-element elementor-element-0191abf e-con-full e-flex e-con e-parent\" data-id=\"0191abf\" data-element_type=\"container\">\n\t\t\t\t<div class=\"elementor-element elementor-element-eb75729 elementor-widget elementor-widget-template\" data-id=\"eb75729\" data-element_type=\"widget\" data-widget_type=\"template.default\">\n\t\t\t\t<div class=\"elementor-widget-container\">\n\t\t\t\t\t\t\t<div class=\"elementor-template\">\n\t\t\t\t\t<div data-elementor-type=\"section\" data-elementor-id=\"1121\" class=\"elementor elementor-1121\" data-elementor-post-type=\"elementor_library\">\n\t\t\t<div class=\"elementor-element elementor-element-7a00b54 e-con-full e-flex e-con e-parent\" data-id=\"7a00b54\" data-element_type=\"container\" data-settings=\"{&quot;background_background&quot;:&quot;classic&quot;}\">\n\t\t<div class=\"elementor-element elementor-element-b17c357 e-con-full e-flex e-con e-child\" data-id=\"b17c357\" data-element_type=\"container\">\n\t\t\t\t<div class=\"elementor-element elementor-element-12c8946 elementor-widget elementor-widget-heading\" data-id=\"12c8946\" data-element_type=\"widget\" data-widget_type=\"heading.default\">\n\t\t\t\t\t<h2 class=\"elementor-heading-title elementor-size-default\">Oficina Privada<\/h2>\t\t\t\t<\/div>\n\t\t\t\t<div class=\"elementor-element elementor-element-332a3bd elementor-widget elementor-widget-text-editor\" data-id=\"332a3bd\" data-element_type=\"widget\" data-widget_type=\"text-editor.default\">\n\t\t\t\t\t\t\t\t\t<p><em>El espacio exclusivo que tu equipo merece.<\/em> Ideales para empresas en crecimiento y equipos que requieren m\u00e1xima concentraci\u00f3n y confidencialidad. Nuestras oficinas est\u00e1n totalmente amobladas y listas para mudarse.<\/p><ul><li><strong>Incluye:<\/strong> Mobiliario ergon\u00f3mico, acceso 24\/7, internet de alta velocidad y servicio de limpieza.<\/li><li><strong>Ideal para:<\/strong> Startups, consultoras y departamentos corporativos.<\/li><\/ul>\t\t\t\t\t\t\t\t<\/div>\n\t\t\t\t<\/div>\n\t\t<div class=\"elementor-element elementor-element-f190627 e-con-full e-flex e-con e-child\" data-id=\"f190627\" data-element_type=\"container\" data-settings=\"{&quot;background_background&quot;:&quot;classic&quot;}\">\n\t\t\t\t<div class=\"elementor-element elementor-element-2af332f elementor-widget elementor-widget-image\" data-id=\"2af332f\" data-element_type=\"widget\" data-widget_type=\"image.default\">\n\t\t\t\t\t\t\t\t\t\t\t\t\t\t\t<img fetchpriority=\"high\" decoding=\"async\" width=\"800\" height=\"339\" src=\"https:\/\/workpool.yopuedo.pe\/wp-content\/uploads\/2025\/12\/ventajas-oficina-privada-privacidad-desarrollo.webp\" class=\"attachment-large size-large wp-image-1122\" alt=\"\" srcset=\"https:\/\/workpool.yopuedo.pe\/wp-content\/uploads\/2025\/12\/ventajas-oficina-privada-privacidad-desarrollo.webp 850w, https:\/\/workpool.yopuedo.pe\/wp-content\/uploads\/2025\/12\/ventajas-oficina-privada-privacidad-desarrollo-300x127.webp 300w, https:\/\/workpool.yopuedo.pe\/wp-content\/uploads\/2025\/12\/ventajas-oficina-privada-privacidad-desarrollo-768x325.webp 768w, https:\/\/workpool.yopuedo.pe\/wp-content\/uploads\/2025\/12\/ventajas-oficina-privada-privacidad-desarrollo-600x254.webp 600w\" sizes=\"(max-width: 800px) 100vw, 800px\" \/>\t\t\t\t\t\t\t\t\t\t\t\t\t\t\t<\/div>\n\t\t\t\t<\/div>\n\t\t\t\t<\/div>\n\t\t\t\t<\/div>\n\t\t\t\t<\/div>\n\t\t\t\t\t\t<\/div>\n\t\t\t\t<\/div>\n\t\t\t\t<\/div>\n\t\t<div class=\"elementor-element elementor-element-f4d629a e-flex e-con-boxed e-con e-parent\" data-id=\"f4d629a\" data-element_type=\"container\">\n\t\t\t\t\t<div class=\"e-con-inner\">\n\t\t<div class=\"elementor-element elementor-element-f579287 e-con-full e-flex e-con e-child\" data-id=\"f579287\" data-element_type=\"container\">\n\t\t<div class=\"elementor-element elementor-element-48c0fd0 e-con-full e-flex e-con e-child\" data-id=\"48c0fd0\" data-element_type=\"container\">\n\t\t\t\t<div class=\"elementor-element elementor-element-2befdbe elementor-widget__width-initial elementor-widget elementor-widget-image\" data-id=\"2befdbe\" data-element_type=\"widget\" data-widget_type=\"image.default\">\n\t\t\t\t\t\t\t\t\t\t\t\t\t\t\t<img decoding=\"async\" width=\"600\" height=\"400\" src=\"https:\/\/workpool.yopuedo.pe\/wp-content\/uploads\/2025\/12\/Oficinas-personales-600x400.jpg\" class=\"attachment-woocommerce_single size-woocommerce_single wp-image-1130\" alt=\"\" srcset=\"https:\/\/workpool.yopuedo.pe\/wp-content\/uploads\/2025\/12\/Oficinas-personales-600x400.jpg 600w, https:\/\/workpool.yopuedo.pe\/wp-content\/uploads\/2025\/12\/Oficinas-personales-300x200.jpg 300w, https:\/\/workpool.yopuedo.pe\/wp-content\/uploads\/2025\/12\/Oficinas-personales-1024x683.jpg 1024w, https:\/\/workpool.yopuedo.pe\/wp-content\/uploads\/2025\/12\/Oficinas-personales-768x512.jpg 768w, https:\/\/workpool.yopuedo.pe\/wp-content\/uploads\/2025\/12\/Oficinas-personales-1536x1024.jpg 1536w, https:\/\/workpool.yopuedo.pe\/wp-content\/uploads\/2025\/12\/Oficinas-personales.jpg 1600w\" sizes=\"(max-width: 600px) 100vw, 600px\" \/>\t\t\t\t\t\t\t\t\t\t\t\t\t\t\t<\/div>\n\t\t\t\t<\/div>\n\t\t<div class=\"elementor-element elementor-element-936cc29 e-con-full e-flex e-con e-child\" data-id=\"936cc29\" data-element_type=\"container\">\n\t\t\t\t<div class=\"elementor-element elementor-element-7ebe318 elementor-widget elementor-widget-heading\" data-id=\"7ebe318\" data-element_type=\"widget\" data-widget_type=\"heading.default\">\n\t\t\t\t\t<h2 class=\"elementor-heading-title elementor-size-default\">Oficina personal<\/h2>\t\t\t\t<\/div>\n\t\t\t\t<div class=\"elementor-element elementor-element-142d1bf elementor-widget elementor-widget-n-accordion\" data-id=\"142d1bf\" data-element_type=\"widget\" data-settings=\"{&quot;default_state&quot;:&quot;expanded&quot;,&quot;max_items_expended&quot;:&quot;one&quot;,&quot;n_accordion_animation_duration&quot;:{&quot;unit&quot;:&quot;ms&quot;,&quot;size&quot;:400,&quot;sizes&quot;:[]}}\" data-widget_type=\"nested-accordion.default\">\n\t\t\t\t\t\t\t<div class=\"e-n-accordion\" aria-label=\"Accordion. Open links with Enter or Space, close with Escape, and navigate with Arrow Keys\">\n\t\t\t\t\t\t<details id=\"e-n-accordion-item-2110\" class=\"e-n-accordion-item\" open>\n\t\t\t\t<summary class=\"e-n-accordion-item-title\" data-accordion-index=\"1\" tabindex=\"0\" aria-expanded=\"true\" aria-controls=\"e-n-accordion-item-2110\" >\n\t\t\t\t\t<span class='e-n-accordion-item-title-header'><div class=\"e-n-accordion-item-title-text\"> Descripcion <\/div><\/span>\n\t\t\t\t\t\t\t<span class='e-n-accordion-item-title-icon'>\n\t\t\t<span class='e-opened' ><svg aria-hidden=\"true\" class=\"e-font-icon-svg e-fas-minus\" viewBox=\"0 0 448 512\" xmlns=\"http:\/\/www.w3.org\/2000\/svg\"><path d=\"M416 208H32c-17.67 0-32 14.33-32 32v32c0 17.67 14.33 32 32 32h384c17.67 0 32-14.33 32-32v-32c0-17.67-14.33-32-32-32z\"><\/path><\/svg><\/span>\n\t\t\t<span class='e-closed'><svg aria-hidden=\"true\" class=\"e-font-icon-svg e-fas-plus\" viewBox=\"0 0 448 512\" xmlns=\"http:\/\/www.w3.org\/2000\/svg\"><path d=\"M416 208H272V64c0-17.67-14.33-32-32-32h-32c-17.67 0-32 14.33-32 32v144H32c-17.67 0-32 14.33-32 32v32c0 17.67 14.33 32 32 32h144v144c0 17.67 14.33 32 32 32h32c17.67 0 32-14.33 32-32V304h144c17.67 0 32-14.33 32-32v-32c0-17.67-14.33-32-32-32z\"><\/path><\/svg><\/span>\n\t\t<\/span>\n\n\t\t\t\t\t\t<\/summary>\n\t\t\t\t<div role=\"region\" aria-labelledby=\"e-n-accordion-item-2110\" class=\"elementor-element elementor-element-6cfe5a0 e-con-full e-flex e-con e-child\" data-id=\"6cfe5a0\" data-element_type=\"container\">\n\t\t<div role=\"region\" aria-labelledby=\"e-n-accordion-item-2110\" class=\"elementor-element elementor-element-3d3d8e8 e-flex e-con-boxed e-con e-child\" data-id=\"3d3d8e8\" data-element_type=\"container\">\n\t\t\t\t\t<div class=\"e-con-inner\">\n\t\t\t\t<div class=\"elementor-element elementor-element-a7b321e elementor-widget elementor-widget-text-editor\" data-id=\"a7b321e\" data-element_type=\"widget\" data-widget_type=\"text-editor.default\">\n\t\t\t\t\t\t\t\t\t<p>El refugio ideal para la productividad individual<i data-path-to-node=\"5\" data-index-in-node=\"0\">.<\/i> Dise\u00f1ada para profesionales independientes, consultores o freelancers que requieren un entorno libre de distracciones.\u00a0<\/p><ul><li><p data-path-to-node=\"6,0,0\"><b data-path-to-node=\"6,0,0\" data-index-in-node=\"0\">Ideal para:<\/b> 1 persona.<\/p><\/li><\/ul>\t\t\t\t\t\t\t\t<\/div>\n\t\t\t\t\t<\/div>\n\t\t\t\t<\/div>\n\t\t\t\t<\/div>\n\t\t\t\t\t<\/details>\n\t\t\t\t\t<\/div>\n\t\t\t\t\t\t<\/div>\n\t\t\t\t<div class=\"elementor-element elementor-element-f5356ad elementor-widget elementor-widget-text-editor\" data-id=\"f5356ad\" data-element_type=\"widget\" data-widget_type=\"text-editor.default\">\n\t\t\t\t\t\t\t\t\t<p><strong>Precio al Mes<\/strong><\/p>\n<p>USA\u00a0 $290.00<\/p>\n<p>PEN\u00a0 S\/839.00<\/p>\n<p><strong>Separa tu espacio por llamada o mensaje<\/strong><\/p>\n<p><a href=\"https:\/\/api.whatsapp.com\/send?phone=51980750721\" target=\"_blank\" rel=\"noopener\">980 750 721<\/a><\/p>\t\t\t\t\t\t\t\t<\/div>\n\t\t\t\t<div class=\"elementor-element elementor-element-cd1e093 elementor-widget__width-initial elementor-widget elementor-widget-button\" data-id=\"cd1e093\" data-element_type=\"widget\" data-widget_type=\"button.default\">\n\t\t\t\t\t\t\t\t\t\t<a class=\"elementor-button elementor-button-link elementor-size-sm\" href=\"https:\/\/workpool.yopuedo.pe\/index.php\/cotizacion\/\">\n\t\t\t\t\t\t<span class=\"elementor-button-content-wrapper\">\n\t\t\t\t\t\t\t\t\t<span class=\"elementor-button-text\">Cotizar<\/span>\n\t\t\t\t\t<\/span>\n\t\t\t\t\t<\/a>\n\t\t\t\t\t\t\t\t<\/div>\n\t\t\t\t<\/div>\n\t\t\t\t<\/div>\n\t\t\t\t\t<\/div>\n\t\t\t\t<\/div>\n\t\t<div class=\"elementor-element elementor-element-7f46accc e-flex e-con-boxed e-con e-parent\" data-id=\"7f46accc\" data-element_type=\"container\">\n\t\t\t\t\t<div class=\"e-con-inner\">\n\t\t<div class=\"elementor-element elementor-element-71bde1c6 e-con-full e-flex e-con e-child\" data-id=\"71bde1c6\" data-element_type=\"container\">\n\t\t<div class=\"elementor-element elementor-element-39492d23 e-con-full e-flex e-con e-child\" data-id=\"39492d23\" data-element_type=\"container\">\n\t\t\t\t<div class=\"elementor-element elementor-element-2b4cee90 elementor-widget__width-initial elementor-widget elementor-widget-image\" data-id=\"2b4cee90\" data-element_type=\"widget\" data-widget_type=\"image.default\">\n\t\t\t\t\t\t\t\t\t\t\t\t\t\t\t<img decoding=\"async\" width=\"600\" height=\"400\" src=\"https:\/\/workpool.yopuedo.pe\/wp-content\/uploads\/2025\/12\/oficina-small-600x400.jpg\" class=\"attachment-woocommerce_single size-woocommerce_single wp-image-1131\" alt=\"\" srcset=\"https:\/\/workpool.yopuedo.pe\/wp-content\/uploads\/2025\/12\/oficina-small-600x400.jpg 600w, https:\/\/workpool.yopuedo.pe\/wp-content\/uploads\/2025\/12\/oficina-small-300x200.jpg 300w, https:\/\/workpool.yopuedo.pe\/wp-content\/uploads\/2025\/12\/oficina-small-1024x683.jpg 1024w, https:\/\/workpool.yopuedo.pe\/wp-content\/uploads\/2025\/12\/oficina-small-768x512.jpg 768w, https:\/\/workpool.yopuedo.pe\/wp-content\/uploads\/2025\/12\/oficina-small-1536x1024.jpg 1536w, https:\/\/workpool.yopuedo.pe\/wp-content\/uploads\/2025\/12\/oficina-small.jpg 1600w\" sizes=\"(max-width: 600px) 100vw, 600px\" \/>\t\t\t\t\t\t\t\t\t\t\t\t\t\t\t<\/div>\n\t\t\t\t<\/div>\n\t\t<div class=\"elementor-element elementor-element-466f780e e-con-full e-flex e-con e-child\" data-id=\"466f780e\" data-element_type=\"container\">\n\t\t\t\t<div class=\"elementor-element elementor-element-3b64cdcf elementor-widget elementor-widget-heading\" data-id=\"3b64cdcf\" data-element_type=\"widget\" data-widget_type=\"heading.default\">\n\t\t\t\t\t<h2 class=\"elementor-heading-title elementor-size-default\">Oficina small<\/h2>\t\t\t\t<\/div>\n\t\t\t\t<div class=\"elementor-element elementor-element-540f611a elementor-widget elementor-widget-n-accordion\" data-id=\"540f611a\" data-element_type=\"widget\" data-settings=\"{&quot;default_state&quot;:&quot;expanded&quot;,&quot;max_items_expended&quot;:&quot;one&quot;,&quot;n_accordion_animation_duration&quot;:{&quot;unit&quot;:&quot;ms&quot;,&quot;size&quot;:400,&quot;sizes&quot;:[]}}\" data-widget_type=\"nested-accordion.default\">\n\t\t\t\t\t\t\t<div class=\"e-n-accordion\" aria-label=\"Accordion. Open links with Enter or Space, close with Escape, and navigate with Arrow Keys\">\n\t\t\t\t\t\t<details id=\"e-n-accordion-item-1410\" class=\"e-n-accordion-item\" open>\n\t\t\t\t<summary class=\"e-n-accordion-item-title\" data-accordion-index=\"1\" tabindex=\"0\" aria-expanded=\"true\" aria-controls=\"e-n-accordion-item-1410\" >\n\t\t\t\t\t<span class='e-n-accordion-item-title-header'><div class=\"e-n-accordion-item-title-text\"> Descripcion <\/div><\/span>\n\t\t\t\t\t\t\t<span class='e-n-accordion-item-title-icon'>\n\t\t\t<span class='e-opened' ><svg aria-hidden=\"true\" class=\"e-font-icon-svg e-fas-minus\" viewBox=\"0 0 448 512\" xmlns=\"http:\/\/www.w3.org\/2000\/svg\"><path d=\"M416 208H32c-17.67 0-32 14.33-32 32v32c0 17.67 14.33 32 32 32h384c17.67 0 32-14.33 32-32v-32c0-17.67-14.33-32-32-32z\"><\/path><\/svg><\/span>\n\t\t\t<span class='e-closed'><svg aria-hidden=\"true\" class=\"e-font-icon-svg e-fas-plus\" viewBox=\"0 0 448 512\" xmlns=\"http:\/\/www.w3.org\/2000\/svg\"><path d=\"M416 208H272V64c0-17.67-14.33-32-32-32h-32c-17.67 0-32 14.33-32 32v144H32c-17.67 0-32 14.33-32 32v32c0 17.67 14.33 32 32 32h144v144c0 17.67 14.33 32 32 32h32c17.67 0 32-14.33 32-32V304h144c17.67 0 32-14.33 32-32v-32c0-17.67-14.33-32-32-32z\"><\/path><\/svg><\/span>\n\t\t<\/span>\n\n\t\t\t\t\t\t<\/summary>\n\t\t\t\t<div role=\"region\" aria-labelledby=\"e-n-accordion-item-1410\" class=\"elementor-element elementor-element-8378af4 e-con-full e-flex e-con e-child\" data-id=\"8378af4\" data-element_type=\"container\">\n\t\t<div role=\"region\" aria-labelledby=\"e-n-accordion-item-1410\" class=\"elementor-element elementor-element-7aab6ae4 e-flex e-con-boxed e-con e-child\" data-id=\"7aab6ae4\" data-element_type=\"container\">\n\t\t\t\t\t<div class=\"e-con-inner\">\n\t\t\t\t<div class=\"elementor-element elementor-element-376ce007 elementor-widget elementor-widget-text-editor\" data-id=\"376ce007\" data-element_type=\"widget\" data-widget_type=\"text-editor.default\">\n\t\t\t\t\t\t\t\t\t<p data-path-to-node=\"8\">El motor de las peque\u00f1as empresas<i data-path-to-node=\"8\" data-index-in-node=\"0\">.<\/i> Un espacio din\u00e1mico para startups en crecimiento o departamentos espec\u00edficos que necesitan trabajar codo a codo. Equilibra la privacidad de una oficina cerrada con la energ\u00eda de un equipo colaborativo.<\/p><ul data-path-to-node=\"9\"><li><p data-path-to-node=\"9,0,0\"><b data-path-to-node=\"9,0,0\" data-index-in-node=\"0\">Capacidad:<\/b> 2 a 3 personas.<\/p><\/li><\/ul>\t\t\t\t\t\t\t\t<\/div>\n\t\t\t\t\t<\/div>\n\t\t\t\t<\/div>\n\t\t\t\t<\/div>\n\t\t\t\t\t<\/details>\n\t\t\t\t\t<\/div>\n\t\t\t\t\t\t<\/div>\n\t\t\t\t<div class=\"elementor-element elementor-element-44fe3c33 elementor-widget elementor-widget-text-editor\" data-id=\"44fe3c33\" data-element_type=\"widget\" data-widget_type=\"text-editor.default\">\n\t\t\t\t\t\t\t\t\t<p><strong>Precio al Mes<\/strong><\/p><p>USA\u00a0 $300.00<\/p><p>PEN\u00a0 S\/ 1,010.00<\/p><p><strong>Separa tu espacio por llamada o mensaje<\/strong><\/p><p><a href=\"https:\/\/api.whatsapp.com\/send?phone=51980750721\" target=\"_blank\" rel=\"noopener\">980 750 721<\/a><\/p>\t\t\t\t\t\t\t\t<\/div>\n\t\t\t\t<div class=\"elementor-element elementor-element-24be136f elementor-widget__width-initial elementor-widget elementor-widget-button\" data-id=\"24be136f\" data-element_type=\"widget\" data-widget_type=\"button.default\">\n\t\t\t\t\t\t\t\t\t\t<a class=\"elementor-button elementor-button-link elementor-size-sm\" href=\"https:\/\/workpool.yopuedo.pe\/index.php\/cotizacion\/\">\n\t\t\t\t\t\t<span class=\"elementor-button-content-wrapper\">\n\t\t\t\t\t\t\t\t\t<span class=\"elementor-button-text\">Cotizar<\/span>\n\t\t\t\t\t<\/span>\n\t\t\t\t\t<\/a>\n\t\t\t\t\t\t\t\t<\/div>\n\t\t\t\t<\/div>\n\t\t\t\t<\/div>\n\t\t\t\t\t<\/div>\n\t\t\t\t<\/div>\n\t\t<div class=\"elementor-element elementor-element-e007e1e e-flex e-con-boxed e-con e-parent\" data-id=\"e007e1e\" data-element_type=\"container\" data-settings=\"{&quot;background_background&quot;:&quot;classic&quot;}\">\n\t\t\t\t\t<div class=\"e-con-inner\">\n\t\t<div class=\"elementor-element elementor-element-57323fe e-con-full e-flex e-con e-child\" data-id=\"57323fe\" data-element_type=\"container\">\n\t\t<div class=\"elementor-element elementor-element-3f61725 e-con-full e-flex e-con e-child\" data-id=\"3f61725\" data-element_type=\"container\">\n\t\t<div class=\"elementor-element elementor-element-82aff9d e-con-full e-flex e-con e-child\" data-id=\"82aff9d\" data-element_type=\"container\">\n\t\t\t\t<div class=\"elementor-element elementor-element-30f1731 elementor-widget__width-initial elementor-widget elementor-widget-image\" data-id=\"30f1731\" data-element_type=\"widget\" data-widget_type=\"image.default\">\n\t\t\t\t\t\t\t\t\t\t\t\t\t\t\t<img loading=\"lazy\" decoding=\"async\" width=\"600\" height=\"400\" src=\"https:\/\/workpool.yopuedo.pe\/wp-content\/uploads\/2025\/12\/oficinas-privadas-galeria-04-600x400.jpg\" class=\"attachment-woocommerce_single size-woocommerce_single wp-image-1141\" alt=\"\" srcset=\"https:\/\/workpool.yopuedo.pe\/wp-content\/uploads\/2025\/12\/oficinas-privadas-galeria-04-600x400.jpg 600w, https:\/\/workpool.yopuedo.pe\/wp-content\/uploads\/2025\/12\/oficinas-privadas-galeria-04-300x200.jpg 300w, https:\/\/workpool.yopuedo.pe\/wp-content\/uploads\/2025\/12\/oficinas-privadas-galeria-04-1024x683.jpg 1024w, https:\/\/workpool.yopuedo.pe\/wp-content\/uploads\/2025\/12\/oficinas-privadas-galeria-04-768x512.jpg 768w, https:\/\/workpool.yopuedo.pe\/wp-content\/uploads\/2025\/12\/oficinas-privadas-galeria-04-1536x1024.jpg 1536w, https:\/\/workpool.yopuedo.pe\/wp-content\/uploads\/2025\/12\/oficinas-privadas-galeria-04.jpg 1600w\" sizes=\"(max-width: 600px) 100vw, 600px\" \/>\t\t\t\t\t\t\t\t\t\t\t\t\t\t\t<\/div>\n\t\t\t\t<\/div>\n\t\t<div class=\"elementor-element elementor-element-e10fa0a e-con-full e-flex e-con e-child\" data-id=\"e10fa0a\" data-element_type=\"container\">\n\t\t\t\t<div class=\"elementor-element elementor-element-9379848 elementor-widget elementor-widget-heading\" data-id=\"9379848\" data-element_type=\"widget\" data-widget_type=\"heading.default\">\n\t\t\t\t\t<h2 class=\"elementor-heading-title elementor-size-default\">Oficina Large<\/h2>\t\t\t\t<\/div>\n\t\t\t\t<div class=\"elementor-element elementor-element-71ca6e0 elementor-widget elementor-widget-n-accordion\" data-id=\"71ca6e0\" data-element_type=\"widget\" data-settings=\"{&quot;default_state&quot;:&quot;expanded&quot;,&quot;max_items_expended&quot;:&quot;one&quot;,&quot;n_accordion_animation_duration&quot;:{&quot;unit&quot;:&quot;ms&quot;,&quot;size&quot;:400,&quot;sizes&quot;:[]}}\" data-widget_type=\"nested-accordion.default\">\n\t\t\t\t\t\t\t<div class=\"e-n-accordion\" aria-label=\"Accordion. Open links with Enter or Space, close with Escape, and navigate with Arrow Keys\">\n\t\t\t\t\t\t<details id=\"e-n-accordion-item-1190\" class=\"e-n-accordion-item\" open>\n\t\t\t\t<summary class=\"e-n-accordion-item-title\" data-accordion-index=\"1\" tabindex=\"0\" aria-expanded=\"true\" aria-controls=\"e-n-accordion-item-1190\" >\n\t\t\t\t\t<span class='e-n-accordion-item-title-header'><div class=\"e-n-accordion-item-title-text\"> Descripcion <\/div><\/span>\n\t\t\t\t\t\t\t<span class='e-n-accordion-item-title-icon'>\n\t\t\t<span class='e-opened' ><svg aria-hidden=\"true\" class=\"e-font-icon-svg e-fas-minus\" viewBox=\"0 0 448 512\" xmlns=\"http:\/\/www.w3.org\/2000\/svg\"><path d=\"M416 208H32c-17.67 0-32 14.33-32 32v32c0 17.67 14.33 32 32 32h384c17.67 0 32-14.33 32-32v-32c0-17.67-14.33-32-32-32z\"><\/path><\/svg><\/span>\n\t\t\t<span class='e-closed'><svg aria-hidden=\"true\" class=\"e-font-icon-svg e-fas-plus\" viewBox=\"0 0 448 512\" xmlns=\"http:\/\/www.w3.org\/2000\/svg\"><path d=\"M416 208H272V64c0-17.67-14.33-32-32-32h-32c-17.67 0-32 14.33-32 32v144H32c-17.67 0-32 14.33-32 32v32c0 17.67 14.33 32 32 32h144v144c0 17.67 14.33 32 32 32h32c17.67 0 32-14.33 32-32V304h144c17.67 0 32-14.33 32-32v-32c0-17.67-14.33-32-32-32z\"><\/path><\/svg><\/span>\n\t\t<\/span>\n\n\t\t\t\t\t\t<\/summary>\n\t\t\t\t<div role=\"region\" aria-labelledby=\"e-n-accordion-item-1190\" class=\"elementor-element elementor-element-7af86b3 e-con-full e-flex e-con e-child\" data-id=\"7af86b3\" data-element_type=\"container\">\n\t\t<div role=\"region\" aria-labelledby=\"e-n-accordion-item-1190\" class=\"elementor-element elementor-element-0c16220 e-flex e-con-boxed e-con e-child\" data-id=\"0c16220\" data-element_type=\"container\">\n\t\t\t\t\t<div class=\"e-con-inner\">\n\t\t\t\t<div class=\"elementor-element elementor-element-0bb9f6f elementor-widget elementor-widget-text-editor\" data-id=\"0bb9f6f\" data-element_type=\"widget\" data-widget_type=\"text-editor.default\">\n\t\t\t\t\t\t\t\t\t<p data-path-to-node=\"11\">Tu sede corporativa personalizada. Grandes suites dise\u00f1adas para empresas establecidas que buscan una base de operaciones s\u00f3lida. Ofrece amplitud para estaciones de trabajo, una peque\u00f1a zona de reuniones interna o \u00e1rea de archivo, todo dentro de tu propio ecosistema privado.<\/p><ul data-path-to-node=\"12\"><li><p data-path-to-node=\"12,0,0\"><b data-path-to-node=\"12,0,0\" data-index-in-node=\"0\">Capacidad:<\/b> 4 a 8 personas.<\/p><\/li><\/ul>\t\t\t\t\t\t\t\t<\/div>\n\t\t\t\t\t<\/div>\n\t\t\t\t<\/div>\n\t\t\t\t<\/div>\n\t\t\t\t\t<\/details>\n\t\t\t\t\t<\/div>\n\t\t\t\t\t\t<\/div>\n\t\t\t\t<div class=\"elementor-element elementor-element-c38ac78 elementor-widget elementor-widget-text-editor\" data-id=\"c38ac78\" data-element_type=\"widget\" data-widget_type=\"text-editor.default\">\n\t\t\t\t\t\t\t\t\t<p><strong>Precio al Mes<\/strong><\/p><p>USA\u00a0 $350.00<\/p><p>PEN\u00a0 S\/ 1,178.00<\/p><p><strong>Separa tu espacio por llamada o mensaje<\/strong><\/p><p><a href=\"https:\/\/api.whatsapp.com\/send?phone=51980750721\" target=\"_blank\" rel=\"noopener\">980 750 721<\/a><\/p>\t\t\t\t\t\t\t\t<\/div>\n\t\t\t\t<div class=\"elementor-element elementor-element-64358f5 elementor-widget__width-initial elementor-widget elementor-widget-button\" data-id=\"64358f5\" data-element_type=\"widget\" data-widget_type=\"button.default\">\n\t\t\t\t\t\t\t\t\t\t<a class=\"elementor-button elementor-button-link elementor-size-sm\" href=\"https:\/\/workpool.yopuedo.pe\/index.php\/cotizacion\/\">\n\t\t\t\t\t\t<span class=\"elementor-button-content-wrapper\">\n\t\t\t\t\t\t\t\t\t<span class=\"elementor-button-text\">Cotizar<\/span>\n\t\t\t\t\t<\/span>\n\t\t\t\t\t<\/a>\n\t\t\t\t\t\t\t\t<\/div>\n\t\t\t\t<\/div>\n\t\t\t\t<\/div>\n\t\t\t\t<\/div>\n\t\t\t\t\t<\/div>\n\t\t\t\t<\/div>\n\t\t\t\t<\/div>\n\t\t","protected":false},"excerpt":{"rendered":"<p>Oficina personal Descripcion El refugio ideal para la productividad individual. Dise\u00f1ada para profesionales independientes, consultores o freelancers que requieren un entorno libre de distracciones.\u00a0 Ideal para: 1 persona. El refugio ideal para la productividad individual. Dise\u00f1ada para profesionales independientes, consultores o freelancers que requieren un entorno libre de distracciones.\u00a0 Ideal para: 1 persona. Precio al [&hellip;]<\/p>\n","protected":false},"author":1,"featured_media":0,"parent":0,"menu_order":0,"comment_status":"closed","ping_status":"closed","template":"","meta":{"footnotes":""},"class_list":["post-366","page","type-page","status-publish","hentry"],"_links":{"self":[{"href":"https:\/\/workpool.yopuedo.pe\/index.php\/wp-json\/wp\/v2\/pages\/366","targetHints":{"allow":["GET"]}}],"collection":[{"href":"https:\/\/workpool.yopuedo.pe\/index.php\/wp-json\/wp\/v2\/pages"}],"about":[{"href":"https:\/\/workpool.yopuedo.pe\/index.php\/wp-json\/wp\/v2\/types\/page"}],"author":[{"embeddable":true,"href":"https:\/\/workpool.yopuedo.pe\/index.php\/wp-json\/wp\/v2\/users\/1"}],"replies":[{"embeddable":true,"href":"https:\/\/workpool.yopuedo.pe\/index.php\/wp-json\/wp\/v2\/comments?post=366"}],"version-history":[{"count":87,"href":"https:\/\/workpool.yopuedo.pe\/index.php\/wp-json\/wp\/v2\/pages\/366\/revisions"}],"predecessor-version":[{"id":1308,"href":"https:\/\/workpool.yopuedo.pe\/index.php\/wp-json\/wp\/v2\/pages\/366\/revisions\/1308"}],"wp:attachment":[{"href":"https:\/\/workpool.yopuedo.pe\/index.php\/wp-json\/wp\/v2\/media?parent=366"}],"curies":[{"name":"wp","href":"https:\/\/api.w.org\/{rel}","templated":true}]}}